{"version":"1.0","provider_name":"Freiwillige Feuerwehr Daun","provider_url":"https:\/\/www.feuerwehr-daun.de\/wp","author_name":"Christoph","author_url":"https:\/\/www.feuerwehr-daun.de\/wp\/author\/christoph\/","title":"Eins\u00e4tze: umgest\u00fcrzte B\u00e4ume durch Sturmtief \"Burglind\" - Freiwillige Feuerwehr Daun","type":"rich","width":600,"height":338,"html":"<blockquote class=\"wp-embedded-content\" data-secret=\"o1Y5J3vstb\"><a href=\"https:\/\/www.feuerwehr-daun.de\/wp\/einsaetze-umgestuerzte-baeume-durch-sturmtief-burglind\/\">Eins\u00e4tze: umgest\u00fcrzte B\u00e4ume durch Sturmtief &#8220;Burglind&#8221;<\/a><\/blockquote><iframe sandbox=\"allow-scripts\" security=\"restricted\" src=\"https:\/\/www.feuerwehr-daun.de\/wp\/einsaetze-umgestuerzte-baeume-durch-sturmtief-burglind\/embed\/#?secret=o1Y5J3vstb\" width=\"600\" height=\"338\" title=\"&#8222;Eins\u00e4tze: umgest\u00fcrzte B\u00e4ume durch Sturmtief &#8220;Burglind&#8221;&#8220; &#8211; Freiwillige Feuerwehr Daun\" data-secret=\"o1Y5J3vstb\" frameborder=\"0\" marginwidth=\"0\" marginheight=\"0\" scrolling=\"no\" class=\"wp-embedded-content\"><\/iframe><script type=\"text\/javascript\">\n\/* <![CDATA[ *\/\n\/*! This file is auto-generated *\/\n!function(d,l){\"use strict\";l.querySelector&&d.addEventListener&&\"undefined\"!=typeof URL&&(d.wp=d.wp||{},d.wp.receiveEmbedMessage||(d.wp.receiveEmbedMessage=function(e){var t=e.data;if((t||t.secret||t.message||t.value)&&!\/[^a-zA-Z0-9]\/.test(t.secret)){for(var s,r,n,a=l.querySelectorAll('iframe[data-secret=\"'+t.secret+'\"]'),o=l.querySelectorAll('blockquote[data-secret=\"'+t.secret+'\"]'),c=new RegExp(\"^https?:$\",\"i\"),i=0;i<o.length;i++)o[i].style.display=\"none\";for(i=0;i<a.length;i++)s=a[i],e.source===s.contentWindow&&(s.removeAttribute(\"style\"),\"height\"===t.message?(1e3<(r=parseInt(t.value,10))?r=1e3:~~r<200&&(r=200),s.height=r):\"link\"===t.message&&(r=new URL(s.getAttribute(\"src\")),n=new URL(t.value),c.test(n.protocol))&&n.host===r.host&&l.activeElement===s&&(d.top.location.href=t.value))}},d.addEventListener(\"message\",d.wp.receiveEmbedMessage,!1),l.addEventListener(\"DOMContentLoaded\",function(){for(var e,t,s=l.querySelectorAll(\"iframe.wp-embedded-content\"),r=0;r<s.length;r++)(t=(e=s[r]).getAttribute(\"data-secret\"))||(t=Math.random().toString(36).substring(2,12),e.src+=\"#?secret=\"+t,e.setAttribute(\"data-secret\",t)),e.contentWindow.postMessage({message:\"ready\",secret:t},\"*\")},!1)))}(window,document);\n\/\/# sourceURL=https:\/\/www.feuerwehr-daun.de\/wp\/wp-includes\/js\/wp-embed.min.js\n\/* ]]> *\/\n<\/script>\n","thumbnail_url":"https:\/\/www.feuerwehr-daun.de\/wp\/wp-content\/uploads\/2018\/01\/Sturm-2018-01-a.jpg","thumbnail_width":900,"thumbnail_height":400,"description":"Zu mehreren Eins\u00e4tzen aufgrund von umgest\u00fcrzten B\u00e4umen wurde die Feuerwehr Daun am 03.01.2018 um 6:12 Uhr alarmiert. Zuerst wurde ein Baum auf der Dauner Umgehungsstra\u00dfe B 257 im Bereich der Eselsbr\u00fccke kleinges\u00e4gt und von der Fahrbahn entfernt. Es folgten weitere B\u00e4ume auf der L 46 Richtung Rengen, in der Ortslage Daun und auf der A1 zwischen der Anschlussstelle Daun und [...]"}

Einsätze: umgestürzte Bäume durch Sturmtief "Burglind" - Freiwillige Feuerwehr Daun

<blockquote class="wp-embedded-content" data-secret="o1Y5J3vstb"><a href="https://www.feuerwehr-daun.de/wp/einsaetze-umgestuerzte-baeume-durch-sturmtief-burglind/">Einsätze: umgestürzte Bäume durch Sturmtief &#8220;Burglind&#8221;</a></blockquote><iframe sandbox="allow-scripts" security="restricted" src="https://www.feuerwehr-daun.de/wp/einsaetze-umgestuerzte-baeume-durch-sturmtief-burglind/embed/#?secret=o1Y5J3vstb" width="600" height="338" title="&#8222;Einsätze: umgestürzte Bäume durch Sturmtief &#8220;Burglind&#8221;&#8220; &#8211; Freiwillige Feuerwehr Daun" data-secret="o1Y5J3vstb" frameborder="0" marginwidth="0" marginheight="0" scrolling="no" class="wp-embedded-content"></iframe><script type="text/javascript">
/* <![CDATA[ */
/*! This file is auto-generated */
!function(d,l){"use strict";l.querySelector&&d.addEventListener&&"undefined"!=typeof URL&&(d.wp=d.wp||{},d.wp.receiveEmbedMessage||(d.wp.receiveEmbedMessage=function(e){var t=e.data;if((t||t.secret||t.message||t.value)&&!/[^a-zA-Z0-9]/.test(t.secret)){for(var s,r,n,a=l.querySelectorAll('iframe[data-secret="'+t.secret+'"]'),o=l.querySelectorAll('blockquote[data-secret="'+t.secret+'"]'),c=new RegExp("^https?:$","i"),i=0;i<o.length;i++)o[i].style.display="none";for(i=0;i<a.length;i++)s=a[i],e.source===s.contentWindow&&(s.removeAttribute("style"),"height"===t.message?(1e3<(r=parseInt(t.value,10))?r=1e3:~~r<200&&(r=200),s.height=r):"link"===t.message&&(r=new URL(s.getAttribute("src")),n=new URL(t.value),c.test(n.protocol))&&n.host===r.host&&l.activeElement===s&&(d.top.location.href=t.value))}},d.addEventListener("message",d.wp.receiveEmbedMessage,!1),l.addEventListener("DOMContentLoaded",function(){for(var e,t,s=l.querySelectorAll("iframe.wp-embedded-content"),r=0;r<s.length;r++)(t=(e=s[r]).getAttribute("data-secret"))||(t=Math.random().toString(36).substring(2,12),e.src+="#?secret="+t,e.setAttribute("data-secret",t)),e.contentWindow.postMessage({message:"ready",secret:t},"*")},!1)))}(window,document);
//# sourceURL=https://www.feuerwehr-daun.de/wp/wp-includes/js/wp-embed.min.js
/* ]]> */
</script>

Zu mehreren Einsätzen aufgrund von umgestürzten Bäumen wurde die Feuerwehr Daun am 03.01.2018 um 6:12 Uhr alarmiert. Zuerst wurde ein Baum auf der Dauner Umgehungsstraße B 257 im Bereich der Eselsbrücke kleingesägt und von der Fahrbahn entfernt. Es folgten weitere Bäume auf der L 46 Richtung Rengen, in der Ortslage Daun und auf der A1 zwischen der Anschlussstelle Daun und [...]
