{"version":"1.0","provider_name":"Freiwillige Feuerwehr Daun","provider_url":"https:\/\/www.feuerwehr-daun.de\/wp","author_name":"Christoph","author_url":"https:\/\/www.feuerwehr-daun.de\/wp\/author\/christoph\/","title":"Einsatz 125\/2024: Tragehilfe in unwegsamen Gel\u00e4nde - Freiwillige Feuerwehr Daun","type":"rich","width":600,"height":338,"html":"<blockquote class=\"wp-embedded-content\" data-secret=\"m9HFd34yaZ\"><a href=\"https:\/\/www.feuerwehr-daun.de\/wp\/einsatz-125-2024-tragehilfe-in-unwegsamen-gelaende\/\">Einsatz 125\/2024: Tragehilfe in unwegsamen Gel\u00e4nde<\/a><\/blockquote><iframe sandbox=\"allow-scripts\" security=\"restricted\" src=\"https:\/\/www.feuerwehr-daun.de\/wp\/einsatz-125-2024-tragehilfe-in-unwegsamen-gelaende\/embed\/#?secret=m9HFd34yaZ\" width=\"600\" height=\"338\" title=\"&#8222;Einsatz 125\/2024: Tragehilfe in unwegsamen Gel\u00e4nde&#8220; &#8211; Freiwillige Feuerwehr Daun\" data-secret=\"m9HFd34yaZ\" frameborder=\"0\" marginwidth=\"0\" marginheight=\"0\" scrolling=\"no\" class=\"wp-embedded-content\"><\/iframe><script type=\"text\/javascript\">\n\/* <![CDATA[ *\/\n\/*! This file is auto-generated *\/\n!function(d,l){\"use strict\";l.querySelector&&d.addEventListener&&\"undefined\"!=typeof URL&&(d.wp=d.wp||{},d.wp.receiveEmbedMessage||(d.wp.receiveEmbedMessage=function(e){var t=e.data;if((t||t.secret||t.message||t.value)&&!\/[^a-zA-Z0-9]\/.test(t.secret)){for(var s,r,n,a=l.querySelectorAll('iframe[data-secret=\"'+t.secret+'\"]'),o=l.querySelectorAll('blockquote[data-secret=\"'+t.secret+'\"]'),c=new RegExp(\"^https?:$\",\"i\"),i=0;i<o.length;i++)o[i].style.display=\"none\";for(i=0;i<a.length;i++)s=a[i],e.source===s.contentWindow&&(s.removeAttribute(\"style\"),\"height\"===t.message?(1e3<(r=parseInt(t.value,10))?r=1e3:~~r<200&&(r=200),s.height=r):\"link\"===t.message&&(r=new URL(s.getAttribute(\"src\")),n=new URL(t.value),c.test(n.protocol))&&n.host===r.host&&l.activeElement===s&&(d.top.location.href=t.value))}},d.addEventListener(\"message\",d.wp.receiveEmbedMessage,!1),l.addEventListener(\"DOMContentLoaded\",function(){for(var e,t,s=l.querySelectorAll(\"iframe.wp-embedded-content\"),r=0;r<s.length;r++)(t=(e=s[r]).getAttribute(\"data-secret\"))||(t=Math.random().toString(36).substring(2,12),e.src+=\"#?secret=\"+t,e.setAttribute(\"data-secret\",t)),e.contentWindow.postMessage({message:\"ready\",secret:t},\"*\")},!1)))}(window,document);\n\/\/# sourceURL=https:\/\/www.feuerwehr-daun.de\/wp\/wp-includes\/js\/wp-embed.min.js\n\/* ]]> *\/\n<\/script>\n","thumbnail_url":"http:\/\/www.feuerwehr-daun.de\/wp\/wp-content\/uploads\/2024\/10\/2024-10-05-Nerother-Kopf-a.jpg","thumbnail_width":900,"thumbnail_height":400,"description":"Am 05.10.2024 wurden die Feuerwehren aus Neunkirchen und Daun um 12.57 Uhr zur Unterst\u00fctzung des Rettungsdienstes zum Nerother Kopf alarmiert. Dort hatte sich im Gipfelbereich in der N\u00e4he der M\u00fchlensteinh\u00f6hle eine Wanderin verletzt und konnte nicht mehr gehen. Der Rettungsdienst war bereits vor Ort und forderte die Unterst\u00fctzung der Feuerwehr aufgrund des unwegsamen Gel\u00e4ndes nach. Mit Hilfe der Schleifkorbtrage konnte [...]"}

Einsatz 125/2024: Tragehilfe in unwegsamen Gelände - Freiwillige Feuerwehr Daun

<blockquote class="wp-embedded-content" data-secret="m9HFd34yaZ"><a href="https://www.feuerwehr-daun.de/wp/einsatz-125-2024-tragehilfe-in-unwegsamen-gelaende/">Einsatz 125/2024: Tragehilfe in unwegsamen Gelände</a></blockquote><iframe sandbox="allow-scripts" security="restricted" src="https://www.feuerwehr-daun.de/wp/einsatz-125-2024-tragehilfe-in-unwegsamen-gelaende/embed/#?secret=m9HFd34yaZ" width="600" height="338" title="&#8222;Einsatz 125/2024: Tragehilfe in unwegsamen Gelände&#8220; &#8211; Freiwillige Feuerwehr Daun" data-secret="m9HFd34yaZ" frameborder="0" marginwidth="0" marginheight="0" scrolling="no" class="wp-embedded-content"></iframe><script type="text/javascript">
/* <![CDATA[ */
/*! This file is auto-generated */
!function(d,l){"use strict";l.querySelector&&d.addEventListener&&"undefined"!=typeof URL&&(d.wp=d.wp||{},d.wp.receiveEmbedMessage||(d.wp.receiveEmbedMessage=function(e){var t=e.data;if((t||t.secret||t.message||t.value)&&!/[^a-zA-Z0-9]/.test(t.secret)){for(var s,r,n,a=l.querySelectorAll('iframe[data-secret="'+t.secret+'"]'),o=l.querySelectorAll('blockquote[data-secret="'+t.secret+'"]'),c=new RegExp("^https?:$","i"),i=0;i<o.length;i++)o[i].style.display="none";for(i=0;i<a.length;i++)s=a[i],e.source===s.contentWindow&&(s.removeAttribute("style"),"height"===t.message?(1e3<(r=parseInt(t.value,10))?r=1e3:~~r<200&&(r=200),s.height=r):"link"===t.message&&(r=new URL(s.getAttribute("src")),n=new URL(t.value),c.test(n.protocol))&&n.host===r.host&&l.activeElement===s&&(d.top.location.href=t.value))}},d.addEventListener("message",d.wp.receiveEmbedMessage,!1),l.addEventListener("DOMContentLoaded",function(){for(var e,t,s=l.querySelectorAll("iframe.wp-embedded-content"),r=0;r<s.length;r++)(t=(e=s[r]).getAttribute("data-secret"))||(t=Math.random().toString(36).substring(2,12),e.src+="#?secret="+t,e.setAttribute("data-secret",t)),e.contentWindow.postMessage({message:"ready",secret:t},"*")},!1)))}(window,document);
//# sourceURL=https://www.feuerwehr-daun.de/wp/wp-includes/js/wp-embed.min.js
/* ]]> */
</script>

Am 05.10.2024 wurden die Feuerwehren aus Neunkirchen und Daun um 12.57 Uhr zur Unterstützung des Rettungsdienstes zum Nerother Kopf alarmiert. Dort hatte sich im Gipfelbereich in der Nähe der Mühlensteinhöhle eine Wanderin verletzt und konnte nicht mehr gehen. Der Rettungsdienst war bereits vor Ort und forderte die Unterstützung der Feuerwehr aufgrund des unwegsamen Geländes nach. Mit Hilfe der Schleifkorbtrage konnte [...]
