{"version":"1.0","provider_name":"Freiwillige Feuerwehr Daun","provider_url":"https:\/\/www.feuerwehr-daun.de\/wp","author_name":"FEZ Daun","author_url":"https:\/\/www.feuerwehr-daun.de\/wp\/author\/fez-daun\/","title":"Einsatz 148\/2022: Besetzung FEZ - Freiwillige Feuerwehr Daun","type":"rich","width":600,"height":338,"html":"<blockquote class=\"wp-embedded-content\" data-secret=\"YIlIec5nNQ\"><a href=\"https:\/\/www.feuerwehr-daun.de\/wp\/einsatz-148-2022-besetzung-fez\/\">Einsatz 148\/2022: Besetzung FEZ<\/a><\/blockquote><iframe sandbox=\"allow-scripts\" security=\"restricted\" src=\"https:\/\/www.feuerwehr-daun.de\/wp\/einsatz-148-2022-besetzung-fez\/embed\/#?secret=YIlIec5nNQ\" width=\"600\" height=\"338\" title=\"&#8222;Einsatz 148\/2022: Besetzung FEZ&#8220; &#8211; Freiwillige Feuerwehr Daun\" data-secret=\"YIlIec5nNQ\" frameborder=\"0\" marginwidth=\"0\" marginheight=\"0\" scrolling=\"no\" class=\"wp-embedded-content\"><\/iframe><script type=\"text\/javascript\">\n\/* <![CDATA[ *\/\n\/*! This file is auto-generated *\/\n!function(d,l){\"use strict\";l.querySelector&&d.addEventListener&&\"undefined\"!=typeof URL&&(d.wp=d.wp||{},d.wp.receiveEmbedMessage||(d.wp.receiveEmbedMessage=function(e){var t=e.data;if((t||t.secret||t.message||t.value)&&!\/[^a-zA-Z0-9]\/.test(t.secret)){for(var s,r,n,a=l.querySelectorAll('iframe[data-secret=\"'+t.secret+'\"]'),o=l.querySelectorAll('blockquote[data-secret=\"'+t.secret+'\"]'),c=new RegExp(\"^https?:$\",\"i\"),i=0;i<o.length;i++)o[i].style.display=\"none\";for(i=0;i<a.length;i++)s=a[i],e.source===s.contentWindow&&(s.removeAttribute(\"style\"),\"height\"===t.message?(1e3<(r=parseInt(t.value,10))?r=1e3:~~r<200&&(r=200),s.height=r):\"link\"===t.message&&(r=new URL(s.getAttribute(\"src\")),n=new URL(t.value),c.test(n.protocol))&&n.host===r.host&&l.activeElement===s&&(d.top.location.href=t.value))}},d.addEventListener(\"message\",d.wp.receiveEmbedMessage,!1),l.addEventListener(\"DOMContentLoaded\",function(){for(var e,t,s=l.querySelectorAll(\"iframe.wp-embedded-content\"),r=0;r<s.length;r++)(t=(e=s[r]).getAttribute(\"data-secret\"))||(t=Math.random().toString(36).substring(2,12),e.src+=\"#?secret=\"+t,e.setAttribute(\"data-secret\",t)),e.contentWindow.postMessage({message:\"ready\",secret:t},\"*\")},!1)))}(window,document);\n\/\/# sourceURL=https:\/\/www.feuerwehr-daun.de\/wp\/wp-includes\/js\/wp-embed.min.js\n\/* ]]> *\/\n<\/script>\n","thumbnail_url":"http:\/\/www.feuerwehr-daun.de\/wp\/wp-content\/uploads\/2022\/06\/FEZ-5.jpg","thumbnail_width":900,"thumbnail_height":400,"description":"Am 02.09.2022 wurde die Feuerwehr Daun um 23.15 Uhr alarmiert, um die\u00a0FEZ\u00a0f\u00fcr die Feuerwehr Ellscheid mit L\u00f6schgruppe Saxler und die Feuerwehr Gillenfeld zu besetzen. Diese r\u00fcckten zu auslaufenden Betriebsstoffen nach einem Verkehrsunfall auf die B421 bei Ellscheid aus."}

Am 02.09.2022 wurde die Feuerwehr Daun um 23.15 Uhr alarmiert, um die FEZ für die Feuerwehr Ellscheid mit Löschgruppe Saxler und die Feuerwehr Gillenfeld zu besetzen. Diese rückten zu auslaufenden Betriebsstoffen nach einem Verkehrsunfall auf die B421 bei Ellscheid aus.
